{"id":554,"date":"2018-01-18T09:01:28","date_gmt":"2018-01-18T09:01:28","guid":{"rendered":"http:\/\/aytoasturianos.es\/?page_id=554"},"modified":"2019-07-26T11:26:06","modified_gmt":"2019-07-26T11:26:06","slug":"entrepenas","status":"publish","type":"page","link":"https:\/\/aytoasturianos.es\/index.php\/entrepenas\/","title":{"rendered":"Entrepe\u00f1as"},"content":{"rendered":"<p>-Entrepe\u00f1as se encuentra situado junto al embalse de Cernadilla -aunque una loma lo oculta desde la mayor parte del casco urbano- y en pleno Camino de Santiago Sanabr\u00e9s. En su paisaje, comienzan a observarse la presencia de los casta\u00f1os.<\/p>\n<p>-Celebra sus fiestas a mediados de agosto, denominadas las Fiestas de la Juventud de Entrepe\u00f1as.<\/p>\n<hr>\n<p>Su top\u00f3nimo es f\u00e1cil de deducir. Su emplazamiento se ubica al sur de un cerro de pe\u00f1as que afloran y definen el paisaje. El pueblo como tal. Seg\u00fan los datos recogidos en su diccionario por su se\u00f1or Madoz, lo compon\u00edan 44 casas, la Casa Consistorial, la c\u00e1rcel y la escuela de temporada a la que asist\u00edan unos diez ni\u00f1os. Curiosa referencia, cuyos padres aportaban al se\u00f1or maestro cuatro libras de pan por ni\u00f1o como complemento de los 50 reales, que era la dotaci\u00f3n asignada por la temporada.<\/p>\n<p><img loading=\"lazy\" decoding=\"async\" class=\"wp-image-629 size-medium alignright\" src=\"http:\/\/aytoasturianos.es\/wp-content\/uploads\/2018\/02\/entrepe\u00f1as-Copy-300x266.jpg\" alt=\"\" width=\"300\" height=\"266\" srcset=\"https:\/\/aytoasturianos.es\/wp-content\/uploads\/2018\/02\/entrepe\u00f1as-Copy-300x266.jpg 300w, https:\/\/aytoasturianos.es\/wp-content\/uploads\/2018\/02\/entrepe\u00f1as-Copy.jpg 542w\" sizes=\"(max-width: 300px) 100vw, 300px\" \/><\/p>\n<p style=\"text-align: justify;\">Curioso es tambi\u00e9n observar como cincuenta a\u00f1os m\u00e1s tarde don Felipe Olmedo, en su provincia de Zamora, recoge en el censo de 1900 que Entrepe\u00f1as estaba constituido por 125 edificios y una poblaci\u00f3n de 292 habitantes, toda una referencia&nbsp;&nbsp; sobre el cambio y desarrollo del siglo XX ya era enejo de asturianos y el se\u00f1or Olmedo dice en su obra escuetamente, \u201cno tiene escuela\u201d.<\/p>\n<p style=\"text-align: justify;\">Repasando el trabajo de do\u00f1a Ana D\u00edaz &nbsp;Medina nos encontramos que en el censo de 1530, Entrepe\u00f1as cuenta con 30 pecheros, que en el 1591 han alcanzado la cifra de 43. Muy cerca de la localidad se encontraba una venta ubicada frente a la barca de Send\u00edn. El terreno es de regular calidad y lo fertiliza, en parte, las aguas del Tera. Produce centeno, lino y hortalizas. Mantiene ganado vacuno, lanar y cabr\u00edo y en cuanto a la caza, seg\u00fan Madoz hay gran variedad de aves y pesca de truchas en el Tera.<\/p>\n<p>Su tejido industrial lo compon\u00edan en aquella \u00e9poca seis telares de lienzos caseros y tres molinos harineros. Su parroquia est\u00e1 dedicada a Santa Mar\u00eda. La localidad tambi\u00e9n contaba con una ermita bajo la advocaci\u00f3n&nbsp; de Sant\u00edsimo Cristo de la Cruz y la rodean, Lagarejos, Palazuelo, el Tera y Asturianos.<\/p>\n<p>Caminar por el t\u00e9rmino de Entrepe\u00f1as es sumergirnos en un amar de vegetaci\u00f3n. Nos llamar\u00e1 rapid\u00edsimamente la atenci\u00f3n el monte que ocupa el mediod\u00eda y el oeste de su t\u00e9rmino municipal totalmente cubierto de roble, ese \u00e1rbol se\u00f1orial y decorativo, no demasiado teniendo en cuenta por estas tierras nuestras, sin embrago en la zona han tenido m\u00e1s raigambre \u00e1rboles como el manzano, el nogal y el casta\u00f1o, que se mantienen hoy en d\u00eda.<\/p>\n<p style=\"text-align: right;\"><em><span style=\"font-size: 8pt;\">fuente: Herminio Ramos P\u00e9rez y Dalmiro Gavil\u00e1n Santos, , dibujos: Carlos San Gregorio.<br \/>\n<\/span><\/em><\/p>\n","protected":false},"excerpt":{"rendered":"<p>-Entrepe\u00f1as se encuentra situado junto al embalse de Cernadilla -aunque una loma lo oculta desde la mayor parte del casco urbano- y en pleno Camino de Santiago Sanabr\u00e9s. En su paisaje, comienzan a observarse la presencia de los casta\u00f1os. -Celebra <a class=\"more-link\" href=\"https:\/\/aytoasturianos.es\/index.php\/entrepenas\/\">Read More &#8230;<\/a><\/p>\n","protected":false},"author":1,"featured_media":0,"parent":0,"menu_order":0,"comment_status":"closed","ping_status":"closed","template":"","meta":{"ngg_post_thumbnail":0,"footnotes":""},"aioseo_notices":[],"_links":{"self":[{"href":"https:\/\/aytoasturianos.es\/index.php\/wp-json\/wp\/v2\/pages\/554"}],"collection":[{"href":"https:\/\/aytoasturianos.es\/index.php\/wp-json\/wp\/v2\/pages"}],"about":[{"href":"https:\/\/aytoasturianos.es\/index.php\/wp-json\/wp\/v2\/types\/page"}],"author":[{"embeddable":true,"href":"https:\/\/aytoasturianos.es\/index.php\/wp-json\/wp\/v2\/users\/1"}],"replies":[{"embeddable":true,"href":"https:\/\/aytoasturianos.es\/index.php\/wp-json\/wp\/v2\/comments?post=554"}],"version-history":[{"count":8,"href":"https:\/\/aytoasturianos.es\/index.php\/wp-json\/wp\/v2\/pages\/554\/revisions"}],"predecessor-version":[{"id":693,"href":"https:\/\/aytoasturianos.es\/index.php\/wp-json\/wp\/v2\/pages\/554\/revisions\/693"}],"wp:attachment":[{"href":"https:\/\/aytoasturianos.es\/index.php\/wp-json\/wp\/v2\/media?parent=554"}],"curies":[{"name":"wp","href":"https:\/\/api.w.org\/{rel}","templated":true}]}}

Entrepeñas

<p>-Entrepeñas se encuentra situado junto al embalse de Cernadilla -aunque una loma lo oculta desde la mayor parte del casco urbano- y en pleno Camino de Santiago Sanabrés. En su paisaje, comienzan a observarse la presencia de los castaños.</p>
<p>-Celebra sus fiestas a mediados de agosto, denominadas las Fiestas de la Juventud de Entrepeñas.</p>
<hr>
<p>Su topónimo es fácil de deducir. Su emplazamiento se ubica al sur de un cerro de peñas que afloran y definen el paisaje. El pueblo como tal. Según los datos recogidos en su diccionario por su señor Madoz, lo componían 44 casas, la Casa Consistorial, la cárcel y la escuela de temporada a la que asistían unos diez niños. Curiosa referencia, cuyos padres aportaban al señor maestro cuatro libras de pan por niño como complemento de los 50 reales, que era la dotación asignada por la temporada.</p>
<p><img loading="lazy" decoding="async" class="wp-image-629 size-medium alignright" src="http://aytoasturianos.es/wp-content/uploads/2018/02/entrepeñas-Copy-300x266.jpg" alt="" width="300" height="266" srcset="https://aytoasturianos.es/wp-content/uploads/2018/02/entrepeñas-Copy-300x266.jpg 300w, https://aytoasturianos.es/wp-content/uploads/2018/02/entrepeñas-Copy.jpg 542w" sizes="(max-width: 300px) 100vw, 300px" /></p>
<p style="text-align: justify;">Curioso es también observar como cincuenta años más tarde don Felipe Olmedo, en su provincia de Zamora, recoge en el censo de 1900 que Entrepeñas estaba constituido por 125 edificios y una población de 292 habitantes, toda una referencia&nbsp;&nbsp; sobre el cambio y desarrollo del siglo XX ya era enejo de asturianos y el señor Olmedo dice en su obra escuetamente, “no tiene escuela”.</p>
<p style="text-align: justify;">Repasando el trabajo de doña Ana Díaz &nbsp;Medina nos encontramos que en el censo de 1530, Entrepeñas cuenta con 30 pecheros, que en el 1591 han alcanzado la cifra de 43. Muy cerca de la localidad se encontraba una venta ubicada frente a la barca de Sendín. El terreno es de regular calidad y lo fertiliza, en parte, las aguas del Tera. Produce centeno, lino y hortalizas. Mantiene ganado vacuno, lanar y cabrío y en cuanto a la caza, según Madoz hay gran variedad de aves y pesca de truchas en el Tera.</p>
<p>Su tejido industrial lo componían en aquella época seis telares de lienzos caseros y tres molinos harineros. Su parroquia está dedicada a Santa María. La localidad también contaba con una ermita bajo la advocación&nbsp; de Santísimo Cristo de la Cruz y la rodean, Lagarejos, Palazuelo, el Tera y Asturianos.</p>
<p>Caminar por el término de Entrepeñas es sumergirnos en un amar de vegetación. Nos llamará rapidísimamente la atención el monte que ocupa el mediodía y el oeste de su término municipal totalmente cubierto de roble, ese árbol señorial y decorativo, no demasiado teniendo en cuenta por estas tierras nuestras, sin embrago en la zona han tenido más raigambre árboles como el manzano, el nogal y el castaño, que se mantienen hoy en día.</p>
<p style="text-align: right;"><em><span style="font-size: 8pt;">fuente: Herminio Ramos Pérez y Dalmiro Gavilán Santos, , dibujos: Carlos San Gregorio.<br />
</span></em></p>

<p>-Entrepeñas se encuentra situado junto al embalse de Cernadilla -aunque una loma lo oculta desde la mayor parte del casco urbano- y en pleno Camino de Santiago Sanabrés. En su paisaje, comienzan a observarse la presencia de los castaños. -Celebra <a class="more-link" href="https://aytoasturianos.es/index.php/entrepenas/">Read More &#8230;</a></p>
