{"id":548,"date":"2018-01-18T09:00:28","date_gmt":"2018-01-18T09:00:28","guid":{"rendered":"http:\/\/aytoasturianos.es\/?page_id=548"},"modified":"2019-07-26T11:26:33","modified_gmt":"2019-07-26T11:26:33","slug":"lagarejos-de-la-carballeda","status":"publish","type":"page","link":"https:\/\/aytoasturianos.es\/index.php\/lagarejos-de-la-carballeda\/","title":{"rendered":"Lagarejos de la Carballeda"},"content":{"rendered":"<p>-Esta peque\u00f1a localidad cuenta con un museo dedicado a la Beata Erundina, en el que se pueden ver objetos pertenecientes o relacionados con su vida y obra, as\u00ed como otros documentos como el mensaje que envi\u00f3 el Papa el d\u00eda del homenaje realizado en Lagarejos en el a\u00f1o 2002<\/p>\n<p>-Celebra sus fiestas el 29 de junio, en conmemoraci\u00f3n a San Pedro.<\/p>\n<hr>\n<p>Recurriendo a don Pascual Madoz, define Lagarejos de La Carballeda como un lugar con ayuntamiento, situado en terreno llano, a 1060 metros de altitud, junto a un cerro denominado la Majada de San Fabi\u00e1n, como recuerdo de una ermita que tuvo dedicada al Santo. El cerro lo protege de los vientos del Norte y del este.<\/p>\n<p style=\"text-align: justify;\"><img loading=\"lazy\" decoding=\"async\" class=\"size-medium wp-image-639 alignright\" src=\"http:\/\/aytoasturianos.es\/wp-content\/uploads\/2018\/02\/lagarejos-Copy-300x232.jpg\" alt=\"\" width=\"300\" height=\"232\" srcset=\"https:\/\/aytoasturianos.es\/wp-content\/uploads\/2018\/02\/lagarejos-Copy-300x232.jpg 300w, https:\/\/aytoasturianos.es\/wp-content\/uploads\/2018\/02\/lagarejos-Copy.jpg 620w\" sizes=\"(max-width: 300px) 100vw, 300px\" \/>El pueblo en 1859 lo compon\u00edan 32 casas y una escuela temporal dotada con 60 reales y una libra de pan cada mes por cada uno de los 16 ni\u00f1os que asist\u00edan. Si iglesia parroquial est\u00e1 dedicada a San Pedro. El terreno es de mediana y mala calidad y cruza el pueblo un arroyo que nace en los montes de Cerezal. Un pont\u00f3n de piedra permite a los vecinos cruzar el arroyo. Su t\u00e9rmino municipal est\u00e1 en parte cubierto de roble y brezo. Los buenos pastos mantienen ganado vacuno y lanar y produce principalmente centeno, lino, hortalizas, alg\u00fan trigo y patatas, abunda la caza mayor y menor.<\/p>\n<p>Ten\u00eda seis telares de estopa y lienzos caseros y arrier\u00eda. Su poblaci\u00f3n la constitu\u00edan 22 familias y 64 almas, datos que constituyen un aut\u00e9ntico retrato de Lagarejos a mediados del siglo XIX.<\/p>\n<p>Por su parte don Felipe Olmedo ya nos cuenta en 1905 que Lagarejos es anejo de asturianos y el n\u00facleo urbano lo componen86 edificios y 177 habitantes. Todo un record en poco m\u00e1s de cincuenta a\u00f1os, sin embargo aporta una nota negativa. Recoge &nbsp;que carece de escuela.<\/p>\n<p>Adentrarnos en el t\u00e9rmino e Lagarejos es realizar un viaje por una geograf\u00eda y seguir una toponimia menor atractiva y llena de meditaci\u00f3n. Partimos de los Corzos, siguiendo por L Majada de san Fabi\u00e1n, Llama del Medio, Los Lagonayos, Los friales y Los Revolcaderos, para seguir por las Canalizas del Sierro el Fondal.<\/p>\n<p>Tambi\u00e9n nos encontramos con la Mayadita y el Salguero, siguiendo por Cantarranas, El Valle Llamallonga, El Ca\u00f1o y Corre Caballos para terminar en el Chano y Vandriquelo.<\/p>\n<p style=\"text-align: right;\"><em><span style=\"font-size: 8pt;\">fuente: Herminio Ramos P\u00e9rez y Dalmiro Gavil\u00e1n Santos, , dibujos: Carlos San Gregorio.<br \/>\n<\/span><\/em><\/p>\n","protected":false},"excerpt":{"rendered":"<p>-Esta peque\u00f1a localidad cuenta con un museo dedicado a la Beata Erundina, en el que se pueden ver objetos pertenecientes o relacionados con su vida y obra, as\u00ed como otros documentos como el mensaje que envi\u00f3 el Papa el d\u00eda <a class=\"more-link\" href=\"https:\/\/aytoasturianos.es\/index.php\/lagarejos-de-la-carballeda\/\">Read More &#8230;<\/a><\/p>\n","protected":false},"author":1,"featured_media":0,"parent":0,"menu_order":0,"comment_status":"closed","ping_status":"closed","template":"","meta":{"ngg_post_thumbnail":0,"footnotes":""},"aioseo_notices":[],"_links":{"self":[{"href":"https:\/\/aytoasturianos.es\/index.php\/wp-json\/wp\/v2\/pages\/548"}],"collection":[{"href":"https:\/\/aytoasturianos.es\/index.php\/wp-json\/wp\/v2\/pages"}],"about":[{"href":"https:\/\/aytoasturianos.es\/index.php\/wp-json\/wp\/v2\/types\/page"}],"author":[{"embeddable":true,"href":"https:\/\/aytoasturianos.es\/index.php\/wp-json\/wp\/v2\/users\/1"}],"replies":[{"embeddable":true,"href":"https:\/\/aytoasturianos.es\/index.php\/wp-json\/wp\/v2\/comments?post=548"}],"version-history":[{"count":7,"href":"https:\/\/aytoasturianos.es\/index.php\/wp-json\/wp\/v2\/pages\/548\/revisions"}],"predecessor-version":[{"id":694,"href":"https:\/\/aytoasturianos.es\/index.php\/wp-json\/wp\/v2\/pages\/548\/revisions\/694"}],"wp:attachment":[{"href":"https:\/\/aytoasturianos.es\/index.php\/wp-json\/wp\/v2\/media?parent=548"}],"curies":[{"name":"wp","href":"https:\/\/api.w.org\/{rel}","templated":true}]}}

<p>-Esta pequeña localidad cuenta con un museo dedicado a la Beata Erundina, en el que se pueden ver objetos pertenecientes o relacionados con su vida y obra, así como otros documentos como el mensaje que envió el Papa el día del homenaje realizado en Lagarejos en el año 2002</p>
<p>-Celebra sus fiestas el 29 de junio, en conmemoración a San Pedro.</p>
<hr>
<p>Recurriendo a don Pascual Madoz, define Lagarejos de La Carballeda como un lugar con ayuntamiento, situado en terreno llano, a 1060 metros de altitud, junto a un cerro denominado la Majada de San Fabián, como recuerdo de una ermita que tuvo dedicada al Santo. El cerro lo protege de los vientos del Norte y del este.</p>
<p style="text-align: justify;"><img loading="lazy" decoding="async" class="size-medium wp-image-639 alignright" src="http://aytoasturianos.es/wp-content/uploads/2018/02/lagarejos-Copy-300x232.jpg" alt="" width="300" height="232" srcset="https://aytoasturianos.es/wp-content/uploads/2018/02/lagarejos-Copy-300x232.jpg 300w, https://aytoasturianos.es/wp-content/uploads/2018/02/lagarejos-Copy.jpg 620w" sizes="(max-width: 300px) 100vw, 300px" />El pueblo en 1859 lo componían 32 casas y una escuela temporal dotada con 60 reales y una libra de pan cada mes por cada uno de los 16 niños que asistían. Si iglesia parroquial está dedicada a San Pedro. El terreno es de mediana y mala calidad y cruza el pueblo un arroyo que nace en los montes de Cerezal. Un pontón de piedra permite a los vecinos cruzar el arroyo. Su término municipal está en parte cubierto de roble y brezo. Los buenos pastos mantienen ganado vacuno y lanar y produce principalmente centeno, lino, hortalizas, algún trigo y patatas, abunda la caza mayor y menor.</p>
<p>Tenía seis telares de estopa y lienzos caseros y arriería. Su población la constituían 22 familias y 64 almas, datos que constituyen un auténtico retrato de Lagarejos a mediados del siglo XIX.</p>
<p>Por su parte don Felipe Olmedo ya nos cuenta en 1905 que Lagarejos es anejo de asturianos y el núcleo urbano lo componen86 edificios y 177 habitantes. Todo un record en poco más de cincuenta años, sin embargo aporta una nota negativa. Recoge &nbsp;que carece de escuela.</p>
<p>Adentrarnos en el término e Lagarejos es realizar un viaje por una geografía y seguir una toponimia menor atractiva y llena de meditación. Partimos de los Corzos, siguiendo por L Majada de san Fabián, Llama del Medio, Los Lagonayos, Los friales y Los Revolcaderos, para seguir por las Canalizas del Sierro el Fondal.</p>
<p>También nos encontramos con la Mayadita y el Salguero, siguiendo por Cantarranas, El Valle Llamallonga, El Caño y Corre Caballos para terminar en el Chano y Vandriquelo.</p>
<p style="text-align: right;"><em><span style="font-size: 8pt;">fuente: Herminio Ramos Pérez y Dalmiro Gavilán Santos, , dibujos: Carlos San Gregorio.<br />
</span></em></p>

<p>-Esta pequeña localidad cuenta con un museo dedicado a la Beata Erundina, en el que se pueden ver objetos pertenecientes o relacionados con su vida y obra, así como otros documentos como el mensaje que envió el Papa el día <a class="more-link" href="https://aytoasturianos.es/index.php/lagarejos-de-la-carballeda/">Read More &#8230;</a></p>
